{"id":151,"date":"2023-03-21T09:57:01","date_gmt":"2023-03-21T08:57:01","guid":{"rendered":"https:\/\/ciranje.de\/?page_id=151"},"modified":"2023-03-24T15:03:25","modified_gmt":"2023-03-24T14:03:25","slug":"berufung","status":"publish","type":"page","link":"https:\/\/ciranje.de\/index.php\/berufung\/","title":{"rendered":"Motivation und Vision"},"content":{"rendered":"\n<p>Es ist gar nicht all zu lange her, als mich Worte wie Tr\u00e4ume, Ziele, Beruf, und ja, gerade auch dieses erschlagend gro\u00df wirkende Wort \u201eBerufung\u201c, regelrecht in Angst und Schrecken versetzten. Nie h\u00e4tte ich mir eingestanden, dass ich all das nicht gefunden hatte, dass ich im Grunde keine Ahnung davon hatte, was ich denn nun wollte.<\/p>\n\n\n\n<p>Doch es ist, wenn man ehrlich hinsieht, keine geringere Frage als die, wem oder was ich meine Zeit, meine Energie und all das, was sich durch mich auszudr\u00fccken vermag &#8211; was ich dieses Leben widmen m\u00f6chte.<\/p>\n\n\n\n<p>Das Beruhigende daran: Es ist g\u00e4nzlich meine Entscheidung. Es gibt keinerlei richtig oder falsch. Es gibt nur das, was ich f\u00fcr mich w\u00e4hle und den Weg dorthin, der je nach Ziel unheimlich viel Kraft, Mut oder Ausdauer kosten wird.<\/p>\n\n\n\n<p>Das Beunruhigende: Es gibt unendlich viele Dinge die immer wieder, mal absichtlich, mal nicht, Potenzial f\u00fcr Ablenkung bieten, von dem was ICH wirklich m\u00f6chte.<\/p>\n\n\n\n<p>Und genau da lag auch lange mein Fehler. Seit ich etwa 16 Jahre alt war,  hatte ich mich immer ge\u00e4rgert meinen \u201eTraumjob\u201c nicht zu kennen. Klar fand ich mal das Eine spannend, dann das Andere. Doch jede Faszination ging auch eben so schnell wie sie gekommen war wieder vor\u00fcber. Was blieb, war das ungute Gef\u00fchl, dass nichts so recht zu passen schien. Klar, denn:<\/p>\n\n\n\n<p>Statt im Au\u00dfen krampfhaft zu suchen, h\u00e4tte ich meinen Blick nur nach innen richten zu brauchen.<\/p>\n\n\n\n<p>Um das erkennen zu k\u00f6nnen, bedurfte es bei mir allerdings das \u201eWeggehen\u201c einer schweren Depression und den damit verbundenen v\u00f6lligen Umbruch meiner bis dato f\u00fcr mich geordneten und normalen Welt. <\/p>\n\n\n\n<p>Ab da begann ich auf Fragen nach dem, was ich denn tun oder werden m\u00f6chte, die ich im \u00dcbrigen noch weniger als zuvor beantworten konnte, nur noch Dinge wie \u201egl\u00fccklich\u201c oder \u201ezufrieden sein\u201c zu erwidern. <\/p>\n\n\n\n<p>Und dennoch &#8211; ich war mir sicher, es musste eine Antwort geben. Und heute bin ich mir noch sicherer,  dass es diese tats\u00e4chlich f\u00fcr jeden Menschen gibt, wenn er sich traut wirklich hinzuschauen. Denn oftmals haben wir solche Angst, das was wir wirklich von ganzem Herzen wollen, schlie\u00dflich nicht zu erreichen, dass wir uns gar nicht erst trauen, es uns gar nicht erst erlauben,  es wirklich zu wollen.<\/p>\n\n\n\n<p>In jenem Moment, in dem ich das f\u00fcr mich verstanden hatte und meine Fragestellung einmal umdrehte, fand ich auch meine Antwort. Als ich damit begann mich zu fragen, welche Ressourcen ich denn gesammelt hatte, und was es war, das ich, und zwar in dieser Weise <span style=\"text-decoration: underline\">nur<\/span> ich, mit anderen teilen konnte, wurde mir nicht nur klar, was ich wollte, sondern auch dass ich jeden Schritt in meinem Leben, gerade auch die wirklich schmerzhaften, nicht umsonst gegangen war. Sie hatten mich genau hierher gef\u00fchrt, wo ich jetzt stand und eben hier fest verwurzelt.<\/p>\n\n\n\n<p>Genau das ist auch ein Aspekt dessen, was ich in die Welt tragen m\u00f6chte. Im Grunde haben wir bei Allem immer die Wahl zwischen \u201eAngst\u201c oder \u201eLiebe\u201c.<\/p>\n\n\n\n<p>Und ich m\u00f6chte Dich und m\u00f6glichst viele andere Menschen zum einen daran erinnern, dass sie, egal wo und egal wie, <span style=\"text-decoration: underline\">stets<\/span> diese Wahl haben und zum anderen dass es immer die Entscheidung f\u00fcr \u201eLiebe\u201c ist,  die zu Zufriedenheit und Gl\u00fcck f\u00fchrt.<\/p>\n\n\n\n<p>Zum Gl\u00fcck gibt es bereits unz\u00e4hlbar viele WUNDERvolle Menschen, die genau hier t\u00e4tig sind und von denen ich einigen WUNDERsch\u00f6nerweise begegnen durfte. <\/p>\n\n\n\n<h2 class=\"wp-block-heading\">Meine Vision<\/h2>\n\n\n\n<p>\u2026 ist es nun, dies auch in einer Art von ganzheitlicheren Ansatz in den Alltag der Justiz zu bringen. Gerade in unserem Rechtssystem bleibt in meinen Augen das Erleben des Menschen viel zu oft zur\u00fcck. Und das obwohl hier so oft Angst und Unsicherheit vorherrschen. Das muss meiner Meinung nach nicht sein, weshalb ich mir dies zu meiner Aufgabe gemacht habe, anders an zu gehen.<\/p>\n\n\n\n<p>Noch bin ich zwar \u201enur\u201c auf dem besten Weg dorthin, eine \u201erichtige Juristin\u201c zu werden, hoffe aber jetzt nat\u00fcrlich schon, Inspiration und Impulse geben zu k\u00f6nnen.<\/p>\n\n\n\n<p>Ich bin jedenfalls schon flei\u00dfig am sammeln und ausprobieren von unterschiedlichstem Werkzeug, was f\u00fcr dieses ganzheitliche Arbeiten n\u00fctzlich sein k\u00f6nnte. Du kannst also gespannt sein, ich bin es auch \ud83d\ude09<\/p>\n\n\n\n<p>Sch\u00f6n, jedenfalls, dass Du mich bei meinem Weg hin zu einer helleren, bunteren Welt f\u00fcr alle unterst\u00fctzt. <\/p>\n\n\n\n<blockquote class=\"wp-block-quote\">\n<p>Sage deinem Herzen, dass die Angst des Leidens gr\u00f6\u00dfer ist, als das Leiden selbst. Und kein Herz hat jemals gelitten, wenn es sich auf die Suche nach seinen Tr\u00e4umen gemacht hat.<\/p>\n<cite>Aus \u201eder Alchimist\u201c von Paulo Coelho<\/cite><\/blockquote>\n\n\n<div class=\"wp-block-image\">\n<figure class=\"aligncenter size-large\"><img decoding=\"async\" loading=\"lazy\" width=\"290\" height=\"300\" src=\"https:\/\/ciranje.de\/wp-content\/uploads\/2023\/03\/zum_versenden-4-290x300.png\" alt=\"\" class=\"wp-image-174\" srcset=\"https:\/\/ciranje.de\/wp-content\/uploads\/2023\/03\/zum_versenden-4-290x300.png 290w, https:\/\/ciranje.de\/wp-content\/uploads\/2023\/03\/zum_versenden-4-58x60.png 58w, https:\/\/ciranje.de\/wp-content\/uploads\/2023\/03\/zum_versenden-4.png 642w\" sizes=\"(max-width: 290px) 100vw, 290px\" \/><\/figure><\/div>","protected":false},"excerpt":{"rendered":"<p>Es ist gar nicht all zu lange her, als mich Worte wie Tr\u00e4ume, Ziele, Beruf, und ja, gerade auch dieses erschlagend gro\u00df wirkende Wort \u201eBerufung\u201c, regelrecht in Angst und Schrecken versetzten. Nie h\u00e4tte ich mir eingestanden, dass ich all das nicht gefunden hatte, dass ich im Grunde keine Ahnung davon hatte, was ich denn nun &hellip; <\/p>\n","protected":false},"author":1,"featured_media":157,"parent":0,"menu_order":0,"comment_status":"closed","ping_status":"closed","template":"","meta":{"footnotes":""},"_links":{"self":[{"href":"https:\/\/ciranje.de\/index.php\/wp-json\/wp\/v2\/pages\/151"}],"collection":[{"href":"https:\/\/ciranje.de\/index.php\/wp-json\/wp\/v2\/pages"}],"about":[{"href":"https:\/\/ciranje.de\/index.php\/wp-json\/wp\/v2\/types\/page"}],"author":[{"embeddable":true,"href":"https:\/\/ciranje.de\/index.php\/wp-json\/wp\/v2\/users\/1"}],"replies":[{"embeddable":true,"href":"https:\/\/ciranje.de\/index.php\/wp-json\/wp\/v2\/comments?post=151"}],"version-history":[{"count":7,"href":"https:\/\/ciranje.de\/index.php\/wp-json\/wp\/v2\/pages\/151\/revisions"}],"predecessor-version":[{"id":180,"href":"https:\/\/ciranje.de\/index.php\/wp-json\/wp\/v2\/pages\/151\/revisions\/180"}],"wp:featuredmedia":[{"embeddable":true,"href":"https:\/\/ciranje.de\/index.php\/wp-json\/wp\/v2\/media\/157"}],"wp:attachment":[{"href":"https:\/\/ciranje.de\/index.php\/wp-json\/wp\/v2\/media?parent=151"}],"curies":[{"name":"wp","href":"https:\/\/api.w.org\/{rel}","templated":true}]}}

<p>Es ist gar nicht all zu lange her, als mich Worte wie Träume, Ziele, Beruf, und ja, gerade auch dieses erschlagend groß wirkende Wort „Berufung“, regelrecht in Angst und Schrecken versetzten. Nie hätte ich mir eingestanden, dass ich all das nicht gefunden hatte, dass ich im Grunde keine Ahnung davon hatte, was ich denn nun wollte.</p>



<p>Doch es ist, wenn man ehrlich hinsieht, keine geringere Frage als die, wem oder was ich meine Zeit, meine Energie und all das, was sich durch mich auszudrücken vermag &#8211; was ich dieses Leben widmen möchte.</p>



<p>Das Beruhigende daran: Es ist gänzlich meine Entscheidung. Es gibt keinerlei richtig oder falsch. Es gibt nur das, was ich für mich wähle und den Weg dorthin, der je nach Ziel unheimlich viel Kraft, Mut oder Ausdauer kosten wird.</p>



<p>Das Beunruhigende: Es gibt unendlich viele Dinge die immer wieder, mal absichtlich, mal nicht, Potenzial für Ablenkung bieten, von dem was ICH wirklich möchte.</p>



<p>Und genau da lag auch lange mein Fehler. Seit ich etwa 16 Jahre alt war,  hatte ich mich immer geärgert meinen „Traumjob“ nicht zu kennen. Klar fand ich mal das Eine spannend, dann das Andere. Doch jede Faszination ging auch eben so schnell wie sie gekommen war wieder vorüber. Was blieb, war das ungute Gefühl, dass nichts so recht zu passen schien. Klar, denn:</p>



<p>Statt im Außen krampfhaft zu suchen, hätte ich meinen Blick nur nach innen richten zu brauchen.</p>



<p>Um das erkennen zu können, bedurfte es bei mir allerdings das „Weggehen“ einer schweren Depression und den damit verbundenen völligen Umbruch meiner bis dato für mich geordneten und normalen Welt. </p>



<p>Ab da begann ich auf Fragen nach dem, was ich denn tun oder werden möchte, die ich im Übrigen noch weniger als zuvor beantworten konnte, nur noch Dinge wie „glücklich“ oder „zufrieden sein“ zu erwidern. </p>



<p>Und dennoch &#8211; ich war mir sicher, es musste eine Antwort geben. Und heute bin ich mir noch sicherer,  dass es diese tatsächlich für jeden Menschen gibt, wenn er sich traut wirklich hinzuschauen. Denn oftmals haben wir solche Angst, das was wir wirklich von ganzem Herzen wollen, schließlich nicht zu erreichen, dass wir uns gar nicht erst trauen, es uns gar nicht erst erlauben,  es wirklich zu wollen.</p>



<p>In jenem Moment, in dem ich das für mich verstanden hatte und meine Fragestellung einmal umdrehte, fand ich auch meine Antwort. Als ich damit begann mich zu fragen, welche Ressourcen ich denn gesammelt hatte, und was es war, das ich, und zwar in dieser Weise <span style="text-decoration: underline">nur</span> ich, mit anderen teilen konnte, wurde mir nicht nur klar, was ich wollte, sondern auch dass ich jeden Schritt in meinem Leben, gerade auch die wirklich schmerzhaften, nicht umsonst gegangen war. Sie hatten mich genau hierher geführt, wo ich jetzt stand und eben hier fest verwurzelt.</p>



<p>Genau das ist auch ein Aspekt dessen, was ich in die Welt tragen möchte. Im Grunde haben wir bei Allem immer die Wahl zwischen „Angst“ oder „Liebe“.</p>



<p>Und ich möchte Dich und möglichst viele andere Menschen zum einen daran erinnern, dass sie, egal wo und egal wie, <span style="text-decoration: underline">stets</span> diese Wahl haben und zum anderen dass es immer die Entscheidung für „Liebe“ ist,  die zu Zufriedenheit und Glück führt.</p>



<p>Zum Glück gibt es bereits unzählbar viele WUNDERvolle Menschen, die genau hier tätig sind und von denen ich einigen WUNDERschönerweise begegnen durfte. </p>



<h2 class="wp-block-heading">Meine Vision</h2>



<p>… ist es nun, dies auch in einer Art von ganzheitlicheren Ansatz in den Alltag der Justiz zu bringen. Gerade in unserem Rechtssystem bleibt in meinen Augen das Erleben des Menschen viel zu oft zurück. Und das obwohl hier so oft Angst und Unsicherheit vorherrschen. Das muss meiner Meinung nach nicht sein, weshalb ich mir dies zu meiner Aufgabe gemacht habe, anders an zu gehen.</p>



<p>Noch bin ich zwar „nur“ auf dem besten Weg dorthin, eine „richtige Juristin“ zu werden, hoffe aber jetzt natürlich schon, Inspiration und Impulse geben zu können.</p>



<p>Ich bin jedenfalls schon fleißig am sammeln und ausprobieren von unterschiedlichstem Werkzeug, was für dieses ganzheitliche Arbeiten nützlich sein könnte. Du kannst also gespannt sein, ich bin es auch 😉</p>



<p>Schön, jedenfalls, dass Du mich bei meinem Weg hin zu einer helleren, bunteren Welt für alle unterstützt. </p>



<blockquote class="wp-block-quote">
<p>Sage deinem Herzen, dass die Angst des Leidens größer ist, als das Leiden selbst. Und kein Herz hat jemals gelitten, wenn es sich auf die Suche nach seinen Träumen gemacht hat.</p>
<cite>Aus „der Alchimist“ von Paulo Coelho</cite></blockquote>


<div class="wp-block-image">
<figure class="aligncenter size-large"><img decoding="async" loading="lazy" width="290" height="300" src="https://ciranje.de/wp-content/uploads/2023/03/zum_versenden-4-290x300.png" alt="" class="wp-image-174" srcset="https://ciranje.de/wp-content/uploads/2023/03/zum_versenden-4-290x300.png 290w, https://ciranje.de/wp-content/uploads/2023/03/zum_versenden-4-58x60.png 58w, https://ciranje.de/wp-content/uploads/2023/03/zum_versenden-4.png 642w" sizes="(max-width: 290px) 100vw, 290px" /></figure></div>

<p>Es ist gar nicht all zu lange her, als mich Worte wie Träume, Ziele, Beruf, und ja, gerade auch dieses erschlagend groß wirkende Wort „Berufung“, regelrecht in Angst und Schrecken versetzten. Nie hätte ich mir eingestanden, dass ich all das nicht gefunden hatte, dass ich im Grunde keine Ahnung davon hatte, was ich denn nun &hellip; </p>
