{"id":247,"date":"2023-10-23T13:37:00","date_gmt":"2023-10-23T11:37:00","guid":{"rendered":"https:\/\/ciranje.de\/?page_id=247"},"modified":"2023-10-24T13:52:32","modified_gmt":"2023-10-24T11:52:32","slug":"memo-dein-meditationskurs","status":"publish","type":"page","link":"https:\/\/ciranje.de\/index.php\/memo-dein-meditationskurs\/","title":{"rendered":"MeMo &#8211; dein Meditationskurs"},"content":{"rendered":"\n<p>Es ist so sch\u00f6n, dass Du den Weg hierher, zu MeMo &#8211; deinem Meditationskurs von Weltfremd deinem Podcast f\u00fcr ein (r)echt erf\u00fclltes Leben, gefunden hast. Es wird kein Zufall sein, dass Du das hier gerade liest!<\/p>\n\n\n\n<p>Seitdem ich selbst auf meiner Reise hin zu einem erf\u00fcllteren Leben unterwegs bin, oder sp\u00e4testens seit ich den Podcast mache, habe ich unz\u00e4hlige gro\u00dfartige Menschen getroffen und etwas auf ihrem Weg begleiten d\u00fcrfen. Auch wenn es manchmal nur wenige gemeinsame Schritte waren, ist mir bei sehr vielen eines bewusst geworden &#8211; die meisten tun sich unglaublich schwer damit Gelassenheit im Alltag zu finden und voller Vertrauen und Inspiration die Dinge, die sie gerne h\u00e4tten, zu verwirklichen.<\/p>\n\n\n\n<p>Hierf\u00fcr braucht es in meinen Augen vor allem zwei F\u00e4higkeiten. Zum einen gute Ortskenntnis in sich selbst &#8211; also Selbstf\u00fcrsorge und Selbstliebe, und zum anderen die Wahl, ob ich in einem bestimmten Moment Kontrolle halten m\u00f6chte oder nicht.<\/p>\n\n\n\n<p>Von beidem h\u00e4tte ich \u00fcbrigens noch vor drei Jahren niemals gedacht, dass das irgendetwas mit Zufriedenheit zu tun haben k\u00f6nnte.<\/p>\n\n\n\n<p>F\u00fcr beides gibt es mehrere M\u00f6glichkeiten, um das zu erlernen. Meine war die Meditation und nachdem ich mich in diesem Bereich und mit dem Beibringen an sich auskenne und genau wei\u00df, wie es ist, ein sehr verkopftes Leben gef\u00fchrt zu haben (weit weg von Leichtigkeit, wahrer Lebensfreude und dergleichen), habe ich es mir,it diesem Kurs zur Aufgabe gemacht, die einen Zugang zur Meditation zu bieten.<\/p>\n\n\n\n<p>Im wesentlichen m\u00f6chte ich Dir hier \u00fcberhaupt erstmal grundlegend den Raum er\u00f6ffnen, f\u00fcr dass, was mit Deinem Bewusstsein alles m\u00f6glich ist (vor allem Lektion 1-4) und einige, f\u00fcr mich wertvolle Werkzeuge, Methoden mit an die Hand geben (vor allem Lektion 4-6), wie man Entscheidungen angenehmer treffen kann, sich an eigenen Zielen orientiert, l\u00e4stige Gedanken ruhiger werden l\u00e4sst und so viel mehr.<\/p>\n\n\n\n<p>Alles ist nat\u00fcrlich nur ein Schnuppern, ein kurzer Abriss von den Dingen, die mit gef\u00fchrten Meditationen m\u00f6glich sind. Dennoch hat es das Potenzial, Dein Leben (erheblich, wie ich meine) zu verbessern und ganz ehrlich &#8211; ich h\u00e4tte mir so sehr gew\u00fcnscht solch einen Kurs zur Hand zu haben, als ich begonnen hatte zu meditieren.<\/p>\n\n\n\n<p>Ich w\u00fcnsche Dir auf jeden Fall ganz viel Freude damit.<\/p>\n\n\n\n<p>Es ist ein Geschenk von mir an DICH, weil ich der Meinung bin, dass genau das einfach jedem zug\u00e4nglich sein sollte &#8211; nicht zuletzt f\u00fcr eine bessere Welt f\u00fcr alle!<\/p>\n\n\n\n<p>Wenn Du mich unterst\u00fctzen m\u00f6chtest, lass sehr gerne eine 5 Sterne Bewertung da und empfehle mich und den Podcast weltfremd weiter.<\/p>\n\n\n\n<p>In allem was ich tue habe ich es mir, wie Du hier auf dieser Website sicher schon erkennen konntest, zur Aufgabe gemacht, Dich und m\u00f6glichst vielen Menschen mit dem was ich tue zu ber\u00fchren und so etwas mehr Licht und Farbe f\u00fcr ihr Leben zu schenken. Dies mache ich f\u00fcr gew\u00f6hnlich vor allem im Kontext von Rechthaben, Rechtbekommen, Rechtsprechung &#8211; also unserem Rechtssystems, denn gerade hier bleibt in meinen Augen das \u201eErleben\u201c des Menschen viel zu oft zur\u00fcck.<\/p>\n\n\n\n<p>Hier ist eine ganzheitlichere Herangehensweise &#8211; weg von Angst und Unsicherheit &#8211; dringend notwendig, die ich versuche zu kreieren. MeMo ist hiervon ab jetzt ein Bestandteil.<\/p>\n\n\n\n<p><\/p>\n\n\n\n<p>DISCLAIMER:<\/p>\n\n\n\n<p>Ich bin derzeit keine vollst\u00e4ndig ausgebildete Juristin, weshalb alle von mir hier ver\u00f6ffentlichen Inhalte keine Rechtsberatung darstellen, noch diese ersetzen k\u00f6nnen oder sollen. Ich habe dar\u00fcber hinaus auch keinen Heilberuf erlernt und bin deshalb f\u00fcr alles was mit Heilung zu tun hat auch nicht zust\u00e4ndig. Ich \u00fcbernehme des Weiteren keine Gew\u00e4hr f\u00fcr die Richtigkeit oder Vollst\u00e4ndigkeit s\u00e4mtlicher Angaben. Alles ist nur meine Meinung oder meine Sicht auf die Erfahrungen, die ich machen durfte.<\/p>\n\n\n\n<p>Wende Dich im Zweifel bitte an den\/die Anwalt\/Anw\u00e4lten bzw. den\/die Psychologe\/Psychologin, Arzt\/\u00c4rztin oder Heilpraktiker\/Heilpraktikerin Deines Vertrauens.<\/p>\n\n\n\n<p><\/p>\n\n\n\n<p>Hier gelangst Du zu MeMo:<\/p>\n\n\n\n<p>Spotify:<\/p>\n\n\n\n<p><a href=\"https:\/\/spotify.link\/FfvxISyM9Db\">https:\/\/spotify.link\/FfvxISyM9Db<\/a><\/p>\n\n\n\n<p>Apple Podcasts:<\/p>\n\n\n\n<p><a href=\"https:\/\/podcasts.apple.com\/de\/podcast\/memo-dein-meditationskurs\/id1712655452\">https:\/\/podcasts.apple.com\/de\/podcast\/memo-dein-meditationskurs\/id1712655452<\/a><\/p>\n\n\n\n<p><\/p>\n\n\n\n<p>Ganz viel Spa\u00df und Freude,<\/p>\n\n\n\n<p>genie\u00dfe Dein Leben,<\/p>\n\n\n\n<p>hab eine wundervolle Zeit\u2026<\/p>\n\n\n\n<p>Deine Ciranje<\/p>\n\n\n\n<p><\/p>\n\n\n\n<p>P.s. Auch wenn es hier ganz am Schluss steht, gilt meine besondere Dankbarkeit Dario Trennert, ohne den es mit seinen eigens f\u00fcr MeMo angefertigten gro\u00dfartigen Kompositionen diesen wunderbaren Kurs gar nicht g\u00e4be. Ich danke Dir!<\/p>\n\n\n\n<p>(Du kennst ihn \u00fcbrigens schon von der wunderbaren Musik des Podcasts.)<\/p>\n\n\n\n<p><\/p>\n\n\n\n<p class=\"has-text-align-center\"><\/p>\n\n\n<div class=\"wp-block-image\">\n<figure class=\"aligncenter size-large\"><img decoding=\"async\" loading=\"lazy\" width=\"642\" height=\"664\" src=\"https:\/\/ciranje.de\/wp-content\/uploads\/2023\/03\/zum_versenden-4.png\" alt=\"\" class=\"wp-image-174\" srcset=\"https:\/\/ciranje.de\/wp-content\/uploads\/2023\/03\/zum_versenden-4.png 642w, https:\/\/ciranje.de\/wp-content\/uploads\/2023\/03\/zum_versenden-4-290x300.png 290w, https:\/\/ciranje.de\/wp-content\/uploads\/2023\/03\/zum_versenden-4-58x60.png 58w\" sizes=\"(max-width: 642px) 100vw, 642px\" \/><\/figure><\/div>","protected":false},"excerpt":{"rendered":"<p>Es ist so sch\u00f6n, dass Du den Weg hierher, zu MeMo &#8211; deinem Meditationskurs von Weltfremd deinem Podcast f\u00fcr ein (r)echt erf\u00fclltes Leben, gefunden hast. Es wird kein Zufall sein, dass Du das hier gerade liest! Seitdem ich selbst auf meiner Reise hin zu einem erf\u00fcllteren Leben unterwegs bin, oder sp\u00e4testens seit ich den Podcast &hellip; <\/p>\n","protected":false},"author":1,"featured_media":254,"parent":0,"menu_order":0,"comment_status":"closed","ping_status":"closed","template":"","meta":{"footnotes":""},"_links":{"self":[{"href":"https:\/\/ciranje.de\/index.php\/wp-json\/wp\/v2\/pages\/247"}],"collection":[{"href":"https:\/\/ciranje.de\/index.php\/wp-json\/wp\/v2\/pages"}],"about":[{"href":"https:\/\/ciranje.de\/index.php\/wp-json\/wp\/v2\/types\/page"}],"author":[{"embeddable":true,"href":"https:\/\/ciranje.de\/index.php\/wp-json\/wp\/v2\/users\/1"}],"replies":[{"embeddable":true,"href":"https:\/\/ciranje.de\/index.php\/wp-json\/wp\/v2\/comments?post=247"}],"version-history":[{"count":4,"href":"https:\/\/ciranje.de\/index.php\/wp-json\/wp\/v2\/pages\/247\/revisions"}],"predecessor-version":[{"id":255,"href":"https:\/\/ciranje.de\/index.php\/wp-json\/wp\/v2\/pages\/247\/revisions\/255"}],"wp:featuredmedia":[{"embeddable":true,"href":"https:\/\/ciranje.de\/index.php\/wp-json\/wp\/v2\/media\/254"}],"wp:attachment":[{"href":"https:\/\/ciranje.de\/index.php\/wp-json\/wp\/v2\/media?parent=247"}],"curies":[{"name":"wp","href":"https:\/\/api.w.org\/{rel}","templated":true}]}}

<p>Es ist so schön, dass Du den Weg hierher, zu MeMo &#8211; deinem Meditationskurs von Weltfremd deinem Podcast für ein (r)echt erfülltes Leben, gefunden hast. Es wird kein Zufall sein, dass Du das hier gerade liest!</p>



<p>Seitdem ich selbst auf meiner Reise hin zu einem erfüllteren Leben unterwegs bin, oder spätestens seit ich den Podcast mache, habe ich unzählige großartige Menschen getroffen und etwas auf ihrem Weg begleiten dürfen. Auch wenn es manchmal nur wenige gemeinsame Schritte waren, ist mir bei sehr vielen eines bewusst geworden &#8211; die meisten tun sich unglaublich schwer damit Gelassenheit im Alltag zu finden und voller Vertrauen und Inspiration die Dinge, die sie gerne hätten, zu verwirklichen.</p>



<p>Hierfür braucht es in meinen Augen vor allem zwei Fähigkeiten. Zum einen gute Ortskenntnis in sich selbst &#8211; also Selbstfürsorge und Selbstliebe, und zum anderen die Wahl, ob ich in einem bestimmten Moment Kontrolle halten möchte oder nicht.</p>



<p>Von beidem hätte ich übrigens noch vor drei Jahren niemals gedacht, dass das irgendetwas mit Zufriedenheit zu tun haben könnte.</p>



<p>Für beides gibt es mehrere Möglichkeiten, um das zu erlernen. Meine war die Meditation und nachdem ich mich in diesem Bereich und mit dem Beibringen an sich auskenne und genau weiß, wie es ist, ein sehr verkopftes Leben geführt zu haben (weit weg von Leichtigkeit, wahrer Lebensfreude und dergleichen), habe ich es mir,it diesem Kurs zur Aufgabe gemacht, die einen Zugang zur Meditation zu bieten.</p>



<p>Im wesentlichen möchte ich Dir hier überhaupt erstmal grundlegend den Raum eröffnen, für dass, was mit Deinem Bewusstsein alles möglich ist (vor allem Lektion 1-4) und einige, für mich wertvolle Werkzeuge, Methoden mit an die Hand geben (vor allem Lektion 4-6), wie man Entscheidungen angenehmer treffen kann, sich an eigenen Zielen orientiert, lästige Gedanken ruhiger werden lässt und so viel mehr.</p>



<p>Alles ist natürlich nur ein Schnuppern, ein kurzer Abriss von den Dingen, die mit geführten Meditationen möglich sind. Dennoch hat es das Potenzial, Dein Leben (erheblich, wie ich meine) zu verbessern und ganz ehrlich &#8211; ich hätte mir so sehr gewünscht solch einen Kurs zur Hand zu haben, als ich begonnen hatte zu meditieren.</p>



<p>Ich wünsche Dir auf jeden Fall ganz viel Freude damit.</p>



<p>Es ist ein Geschenk von mir an DICH, weil ich der Meinung bin, dass genau das einfach jedem zugänglich sein sollte &#8211; nicht zuletzt für eine bessere Welt für alle!</p>



<p>Wenn Du mich unterstützen möchtest, lass sehr gerne eine 5 Sterne Bewertung da und empfehle mich und den Podcast weltfremd weiter.</p>



<p>In allem was ich tue habe ich es mir, wie Du hier auf dieser Website sicher schon erkennen konntest, zur Aufgabe gemacht, Dich und möglichst vielen Menschen mit dem was ich tue zu berühren und so etwas mehr Licht und Farbe für ihr Leben zu schenken. Dies mache ich für gewöhnlich vor allem im Kontext von Rechthaben, Rechtbekommen, Rechtsprechung &#8211; also unserem Rechtssystems, denn gerade hier bleibt in meinen Augen das „Erleben“ des Menschen viel zu oft zurück.</p>



<p>Hier ist eine ganzheitlichere Herangehensweise &#8211; weg von Angst und Unsicherheit &#8211; dringend notwendig, die ich versuche zu kreieren. MeMo ist hiervon ab jetzt ein Bestandteil.</p>



<p></p>



<p>DISCLAIMER:</p>



<p>Ich bin derzeit keine vollständig ausgebildete Juristin, weshalb alle von mir hier veröffentlichen Inhalte keine Rechtsberatung darstellen, noch diese ersetzen können oder sollen. Ich habe darüber hinaus auch keinen Heilberuf erlernt und bin deshalb für alles was mit Heilung zu tun hat auch nicht zuständig. Ich übernehme des Weiteren keine Gewähr für die Richtigkeit oder Vollständigkeit sämtlicher Angaben. Alles ist nur meine Meinung oder meine Sicht auf die Erfahrungen, die ich machen durfte.</p>



<p>Wende Dich im Zweifel bitte an den/die Anwalt/Anwälten bzw. den/die Psychologe/Psychologin, Arzt/Ärztin oder Heilpraktiker/Heilpraktikerin Deines Vertrauens.</p>



<p></p>



<p>Hier gelangst Du zu MeMo:</p>



<p>Spotify:</p>



<p><a href="https://spotify.link/FfvxISyM9Db">https://spotify.link/FfvxISyM9Db</a></p>



<p>Apple Podcasts:</p>



<p><a href="https://podcasts.apple.com/de/podcast/memo-dein-meditationskurs/id1712655452">https://podcasts.apple.com/de/podcast/memo-dein-meditationskurs/id1712655452</a></p>



<p></p>



<p>Ganz viel Spaß und Freude,</p>



<p>genieße Dein Leben,</p>



<p>hab eine wundervolle Zeit…</p>



<p>Deine Ciranje</p>



<p></p>



<p>P.s. Auch wenn es hier ganz am Schluss steht, gilt meine besondere Dankbarkeit Dario Trennert, ohne den es mit seinen eigens für MeMo angefertigten großartigen Kompositionen diesen wunderbaren Kurs gar nicht gäbe. Ich danke Dir!</p>



<p>(Du kennst ihn übrigens schon von der wunderbaren Musik des Podcasts.)</p>



<p></p>



<p class="has-text-align-center"></p>


<div class="wp-block-image">
<figure class="aligncenter size-large"><img decoding="async" loading="lazy" width="642" height="664" src="https://ciranje.de/wp-content/uploads/2023/03/zum_versenden-4.png" alt="" class="wp-image-174" srcset="https://ciranje.de/wp-content/uploads/2023/03/zum_versenden-4.png 642w, https://ciranje.de/wp-content/uploads/2023/03/zum_versenden-4-290x300.png 290w, https://ciranje.de/wp-content/uploads/2023/03/zum_versenden-4-58x60.png 58w" sizes="(max-width: 642px) 100vw, 642px" /></figure></div>

<p>Es ist so schön, dass Du den Weg hierher, zu MeMo &#8211; deinem Meditationskurs von Weltfremd deinem Podcast für ein (r)echt erfülltes Leben, gefunden hast. Es wird kein Zufall sein, dass Du das hier gerade liest! Seitdem ich selbst auf meiner Reise hin zu einem erfüllteren Leben unterwegs bin, oder spätestens seit ich den Podcast &hellip; </p>
